False
Let z(t) = -t**3 + 16*t**2 - 18*t - 14. Let x be z(9). Suppose 394*q = x*q + 11073. Is q a prime number?
True
Let z = -61 - -95. Let f = z + 8. Suppose -f - 539 = -7*c. Is c composite?
False
Let f(k) = -2*k**3 + 12*k**2 + 3*k + 11. Let m(u) = 2*u**3 - 12*u**2 - 4*u - 12. Let n(b) = 6*f(b) + 5*m(b). Let l be n(8). Let x = 643 + l. Is x prime?
False
Let u be ((-158)/(-3))/(2/21). Let g be (-3)/2 - ((-795)/(-10))/(-1). Let r = g + u. Is r prime?
True
Suppose -3*n + 5*c = -4*n + 17, 3*c = 4*n - 22. Let v(l) = -n*l**2 - 1 + 8*l**2 + 12*l - 3*l**3 + l**2. Is v(-8) a composite number?
False
Let m(i) = 22*i**3 - 88*i**2 + 8*i + 9. Is m(10) prime?
False
Let u = -97 + 100. Let q be (2/u)/(7/(105/10)). Is (2 - 0 - -983) + (1 - q) a prime number?
False
Let o(u) = 3*u - 8 + u + 6*u**2 - 3*u**2 + 4*u. Let l be o(-9). Let t = 254 - l. Is t prime?
False
Suppose -35 = 12*m - 19*m. Suppose m*l = 4*r - 0*r + 5835, 3*r = -3*l + 3528. Is l prime?
True
Let c = 1707 + -336. Suppose 0 = 3*r - c - 318. Is r a prime number?
True
Is 1*226978 - 41/(410/50) a prime number?
False
Let k be 15/25 - 1 - (-426)/(-10). Let v = k - -45. Is -2*(-1684)/16 - v/(-4) prime?
True
Suppose -193*z = -190*z + 1068. Let g = 2903 - z. Is g a composite number?
False
Is 498019 + 16/(-20)*25 prime?
True
Is (4 - 19) + 74604 + -8 + 0 a composite number?
True
Let b(p) = 64*p**2 - 91*p - 142. Is b(21) composite?
False
Suppose -y = -2*o + 18, -4*o + 30 = -0*y + y. Suppose o*q = -16467 + 54667. Suppose q = 3*s + 2*s. Is s composite?
True
Is ((2/7)/(31/217) - 3) + 179714 composite?
True
Is (-1940 + 1/(-1))*18/(-54) composite?
False
Let m(f) = 4*f**2 + 5*f + 4. Let a be m(-2). Suppose -4*w = -2*z - a, 2*z = 3*w - 5*w + 14. Let g(t) = 6*t**3 - 6*t**2 + 5*t - 1. Is g(z) composite?
True
Let x be -2 - (7 - (3 - 2)). Let t = -2 + x. Let i(v) = 5*v**2 + 20*v + 21. Is i(t) composite?
True
Suppose 0 = -15*c + 13*c + 12966. Suppose -4*a + c = -41377. Suppose -6*m + m = -a. Is m prime?
True
Is (-6)/(-2)*(-414280)/(-120) a prime number?
True
Let f(o) = 831*o - 6. Let s(v) = -166*v + 1. Let t(i) = -4*f(i) - 21*s(i). Let r be t(2). Suppose 3*w - 2*y - 57 = 140, 0 = 5*w - 2*y - r. Is w prime?
False
Let x = -1385 - -1384. Suppose -8940 = -o - 3*o. Is (o/15)/(0 - x) a prime number?
True
Suppose -3*v + 126 = -h - 6*v, 0 = -2*h - v - 267. Is 27/h - (-2932)/10 composite?
False
Suppose -28*q + 20*q = -16. Suppose 2*x - 5*f = 5*x - 20400, -2*x = -q*f - 13616. Is x prime?
False
Let i = 1725249 - 653798. Is i a prime number?
True
Let i be 18/189*-3 - 51/(-7). Suppose -i*a - 2*a + 27774 = 0. Is a a prime number?
False
Let f(k) = -7*k**2 + k + 13. Let i(p) = -11*p**2 + 2*p + 19. Let g(c) = -8*f(c) + 5*i(c). Let m be g(6). Suppose m = 3*d - 0. Is d a prime number?
True
Let r = 2929396 - 1689429. Is r a composite number?
True
Suppose w = 3*z + 214033, -4*w + 6*z = 3*z - 856114. Is w a prime number?
False
Suppose -12*g + 5986 = -1178. Suppose 5*j - 591 = -4*y, 3*y + g = 5*j + y. Is j prime?
False
Let k = -7884 - -1119. Let s = k + 12026. Is s composite?
False
Let v be (-3 - -1)/(5 + -4). Let g be v*996/(-3) - 2. Is (-3)/(-6)*(g - 0) a prime number?
True
Let z(m) = m**3 - 19*m**2 + 17*m - 65. Let y be z(19). Let d(j) = -j**2 + 4*j - 1. Let h be d(2). Suppose -1029 = -h*s - y. Is s a prime number?
True
Suppose -171 = -5*q + 184. Is ((-1)/(-2) - 0)/(q/870602) a prime number?
True
Let x be 1842/(-4) - (36/24 - 3). Let l = 958 + x. Is l composite?
False
Let g = -52 + 60. Suppose g = -4*a, -a - 274 = -5*v - 4*a. Is (28/v)/(2/2692) a composite number?
False
Let m = -53924 - -95113. Is m composite?
False
Let q(b) be the third derivative of 0 + 3/2*b**3 + 13/60*b**5 - 9*b**2 + 0*b + 1/120*b**6 - 2/3*b**4. Is q(-7) a composite number?
True
Is (3 + -4)/((-3)/4530822*2) a prime number?
True
Suppose 3*u = -2*t + 361823, -4*t + 4*u = -250838 - 472778. Is t prime?
True
Suppose 7*w - 704728 = -276139. Suppose 14*q - w = 5*q. Is q a composite number?
False
Let t(n) = -29*n**3 - 3*n**2 - 6*n + 1. Let k be t(5). Suppose 74549 + 12281 + 20847 = -47*s. Let f = s - k. Is f composite?
True
Let k = -571259 + 911502. Is k prime?
False
Let f = 148632 + -102541. Is f a prime number?
True
Let k be 4/(-14) + 5077/7. Let t be ((-9)/9)/(3 + (-2239)/746). Suppose -k = -4*h + 5*v, 5*v = -4*h + 3*v + t. Is h prime?
False
Suppose -5*y = 5*s - 8295, -2*y + 3835 = 4*s + 525. Let a(m) = -13*m**3 - 6*m**2 + 4*m - 2. Let c be a(4). Let f = y + c. Is f a composite number?
True
Suppose -2*a - 4*m + 392978 = 0, -3*m + 202610 = 2*a - 190373. Is a composite?
False
Let l = 109918 - 24971. Is l composite?
False
Let j(h) = -13*h**3 - h**2 - 3*h + 8. Let t be j(4). Is 7/(56/t)*8/(-12) prime?
True
Let z(u) = -u**3 + 8*u**2 + 24*u - 40. Let r be z(10). Suppose r = -22*m + 10*m + 87060. Is m composite?
True
Let p = 11356 - -9634. Suppose 47*j - 37*j - p = 0. Is j a composite number?
False
Let u = 294674 + -203391. Is u composite?
False
Let v = 34 - 29. Suppose t = b - 1, 2*b + 2*t = v*b - 4. Suppose -2*f + 780 = -3*c + 2*c, -4*f - b*c + 1568 = 0. Is f a composite number?
True
Let j = -17533 - -63966. Is j a prime number?
False
Let p(k) = 574*k**2 - 12*k + 17. Suppose 0 = -v + f + 1 - 2, 14 = -2*v + 5*f. Is p(v) a prime number?
True
Let n = -110 - -107. Let o be n/9*(9 + -6). Is ((-1)/3)/o + 10127/57 a composite number?
True
Let u be (35 + 3 - -4 - 1)*1. Let c = u - 37. Is 4*148 - ((-8)/c + 5) a prime number?
False
Let n(i) = 63*i - 446. Let p be n(18). Suppose 5*j + p = 3*d + 39158, 3*j = 2*d + 23081. Is j a composite number?
True
Is (2 - 51/9) + (-89)/267 - -190773 a prime number?
True
Let q(f) = f**2 + 14*f - 5. Let s be q(-19). Let a = -61 + s. Suppose -a*m = -24*m - 615. Is m a composite number?
True
Let x(k) = k**2 + 3*k + 2. Let r be x(-1). Suppose a + 4*f + f - 1773 = r, -2*a + 2*f + 3510 = 0. Let w = a - -341. Is w composite?
False
Suppose 2*y - 18 = 0, 0 = 25*d - 23*d - 5*y - 44057. Is d prime?
True
Let k(l) = -5*l. Let x be k(-3). Suppose a = 59 - x. Let c = 327 + a. Is c a composite number?
True
Suppose 4*y - 43704 = j, -8940 = -y + 5*j + 2005. Suppose -t + y = -l, -t = -4*t + 5*l + 32783. Is t composite?
True
Is 437701 + -45*36/90 a prime number?
False
Let j = -1393735 + 2161754. Is j composite?
True
Let z be -5*6/(-120) - (-57)/12. Suppose 5*j - 67406 = -r - 21499, z*r - 45915 = -5*j. Is j composite?
False
Suppose -2*f + 6*x + 9880 = 3*x, -f - 5*x = -4914. Let s = f + -8558. Let j = 5213 + s. Is j prime?
False
Suppose 3*g - 70463 = -4*k, -52*k = -48*k + 28. Is g composite?
False
Suppose 133483 = b - 29233 - 110225. Is b prime?
False
Let z = -102 + 100. Let q(a) = -205*a - 33. Is q(z) a composite number?
True
Let v = -184 + 548. Suppose -z + v = -5*t, -5*t + 2*t - 362 = -z. Is z a prime number?
True
Let q = 0 - -5. Suppose 8*r - 7*r + 3*i - 6610 = 0, 5 = -q*i. Is r a composite number?
True
Let u(y) = 33*y**3 - 40*y**2 - 7*y + 27. Is u(13) a composite number?
False
Let l = -78 + 97. Suppose 0 = l*j - 721 - 1293. Is j composite?
True
Suppose -1952 + 34598 = 2*x. Let f = -9569 + x. Suppose -971 + f = 3*w - k, k = -w + 1933. Is w composite?
True
Suppose -3160*y - 6589503 = -3169*y. Is y prime?
False
Is (357588 + -8 - 6) + (0 - (-9)/(-3)) prime?
True
Let i = 26 - 42. Let n be ((-7)/(-4))/7 - (-4)/i. Suppose n = -p - 4*j + 633, -4*p = -7*p - j + 1954. Is p prime?
True
Suppose -4*n + 5 + 15 = 0, 4*m - 2*n - 1190 = 0. Let d = 1211 + m. Is d a composite number?
False
Let a be ((-15)/5 - -15)*4/6. Suppose -3*x - 6623 = -4*i - a*x, -2*i - 3*x = -3311. Is i composite?
False
Suppose 3*b + 11414 = -10*b. Let d = b + 1331. Is d a composite number?
True
Let h(b) = -10919*b - 4375. Is h(-46) a composite number?
False
Suppose 75*b + 291 = 72*b. Let g = 590 - b. Is g a prime number?
False
Suppose 0 = -11*k + 280 + 380. Suppose -101 = -7*z + k. Suppose 25*b - z*b = 1510. Is b composite?
True
Let k(b) = -1 - 3*b + 0*b - b + 3*b. Let l be k(1). Is (-3 - -1)/(l/427) composite?
True
Suppose 2*b = 3*k - 195, k + 3*b - 47 = 29. Let o = k + -65. Is o/(1/(6718/4)) prime?
True
Let w(d) = 240*d**3 + 4*d**2 + 46*d - 219. Is w(5) a prime number?
False
Let k(m) = -297*m**2 + 84*m - 5. Let y be k(5). Let w = y + 23769. Is w a prime number?
True
Let w = 220940 + -143703. Is w composite?
Fals